 - 180831 - 183201. List the prime factors of f.
2, 3, 79
Let c = 53775 + -9103. List the prime factors of c.
2, 349
Let m = 246 + -252. Let l(d) = -304*d - 31. List the prime factors of l(m).
11, 163
Suppose -47*a + 46*a - 2*c = -7608, 2*a - 15174 = 2*c. What are the prime factors of a?
2, 3797
Let v(c) = 107*c**2 + 68*c + 242. What are the prime factors of v(-5)?
3, 859
Suppose 22 = 18*m - 50. Let w(n) = 30*n**2 - 8*n + 16. List the prime factors of w(m).
2, 29
Suppose q - 8 = -2. Let m be -1 - -3 - 0/(q + -13). Suppose 3*a = -m*p - a + 270, -5*a = 20. What are the prime factors of p?
11, 13
Suppose -17 = -2*d - 7. List the prime factors of 1/(-20)*d - (-938)/8.
3, 13
Let m(w) = -63*w**3 - 11*w**2 - 56*w - 453. What are the prime factors of m(-8)?
31547
Let u(o) = 20*o + 23. Let c be u(-1). Suppose q = c*t + 214, t - 173 - 25 = -q. List the prime factors of q.
2, 101
Suppose 0 = 2*q - x - 1286, 2*q - 2*x - 1724 = -430. List the prime factors of q.
3, 71
Let v(d) = 707*d**2 + 167*d - 810. What are the prime factors of v(5)?
2, 3, 5, 59
Suppose -49 = -9*w - 166. Let g(f) = -f**3 - 13*f**2 - 9*f - 10. Let d be g(w). Suppose d - 18 = t. What are the prime factors of t?
89
Suppose 6*t = 143 - 101. Suppose -1864 = -o - t*o. List the prime factors of o.
233
Suppose 2*t = 8, -5*p + 0*t + 8 = -3*t. Let c(u) = 190*u + 761. Let h be c(-4). Suppose p*q - 48 - 118 = -5*b, q + h = 0. What are the prime factors of b?
2, 17
Suppose 0 = -5*r - b + 36115, 7223 = r + 72*b - 73*b. What are the prime factors of r?
31, 233
Let k(j) = j**2 + 14*j - 30. Let d(c) = -c + 1. Let r(o) = 6*d(o) + k(o). List the prime factors of r(8).
2, 13
Let a(b) = -7518*b - 1541. What are the prime factors of a(-4)?
103, 277
Suppose -2*r = -4*a + 6*a - 808, -4*a = -4*r - 1656. What are the prime factors of a + ((-24)/(-14) - (-6)/21)?
3, 137
Let f(c) = 56*c + 24. Let k be f(2). Let u = k + -125. List the prime factors of u.
11
Let l(c) = c**2 + 11*c + 768. Suppose 9*y + 5*y + 0*y = 0. What are the prime factors of l(y)?
2, 3
Let x be (1 + -3 - -2)/(-1). Suppose x = 5*y - 3*m - 2405, 4*m = -3 - 17. Suppose -3*o = -9, -4*u - 86 = 4*o - y. What are the prime factors of u?
5, 19
Suppose -12*b + 12 = -0*b. Let o(v) = -4 + 66*v - 2 + 2. List the prime factors of o(b).
2, 31
Let t(j) = -j**2 - 24*j + 58. Let g be t(-26). Suppose 3*z = 528 - g. What are the prime factors of z?
2, 3, 29
Let h(u) = u**3 - 5*u**2 + 4*u - 2. Let r(v) = v**2 - 4*v - 6. Let a be r(6). Let g be h(a). Suppose -g = 2*c - 3*c. List the prime factors of c.
2, 29
Let n be ((-46)/(-184))/((-1)/12). Let y(r) = 32*r**2 - 5*r - 2. List the prime factors of y(n).
7, 43
Suppose 11*y - 103 + 26 = 0. Suppose y*r - 338 = -6*r. What are the prime factors of r?
2, 13
Suppose 5836 = 2*f - 3*h - 21822, -4*h + 27672 = 2*f. What are the prime factors of f?
2, 7, 13, 19
Suppose -37*f + 39*f - 1126 = 0. Let y = f + -373. What are the prime factors of y?
2, 5, 19
Let a(h) = 54 - 47*h - 1 + 35 + 89*h. List the prime factors of a(5).
2, 149
Suppose -6*q - 18 = 0, -15*w = -11*w - 5*q - 153911. What are the prime factors of w?
2, 19237
Suppose 0 = -4*q - 3*c - 35, -5*c + 15 = 4*q + 52. What are the prime factors of (5/4)/(q/23424*-12)?
5, 61
Suppose 208138 = 4*g + 2*f, -17*f + 21*f - 20 = 0. What are the prime factors of g?
2, 3, 271
Let f(t) = -t**3 + 48*t**2 + 48*t + 55. Let p be f(49). List the prime factors of (1 - -3)*2010/p.
2, 5, 67
Let c be 4/(1 - -7)*74. Let g = 65 - c. What are the prime factors of (-12)/g + (-87)/(-7)?
2, 3
Suppose 4*p = 2 + 22. Let x(q) = -1 - 5 + 6 + p*q + 6. List the prime factors of x(12).
2, 3, 13
Let m(l) = -l**2 + 31*l - 115. Suppose 3 = o - 42*h + 37*h, 4*h = -o + 30. List the prime factors of m(o).
7, 17
Let q(s) = 3*s**3 - 22*s**2 + 38*s - 637. What are the prime factors of q(15)?
2, 1277
Let b(l) = 2*l + 8. Let n be b(-2). Suppose -2*y = -2*j + 288, -581 = -n*j - y - 0*y. Let a = j + -78. What are the prime factors of a?
67
Let h = 8465 + -3569. Suppose -234*b + 246*b - h = 0. List the prime factors of b.
2, 3, 17
Let z = -9 - -6. List the prime factors of (-2280)/(-18) - 1/z.
127
Let k(x) = x**2 + 6*x. Let n be k(-6). Suppose y + 3*a = -0*y + 1289, -5*y + 2*a + 6496 = n. List the prime factors of (8/(-20))/(-2) + y/10.
2, 5, 13
Suppose 5*j = -4*z + 298, 393 = 5*j + 5*z + 98. List the prime factors of j.
2, 31
Let j(p) = p**2 + 16*p + 7. Let t be j(-17). Suppose b + 4*b = 3*g + 216, 2*b + 3*g = 78. List the prime factors of 370/14 + t/b.
3
Let x(n) = 58*n**2 + 104*n + 2022. What are the prime factors of x(-17)?
2, 3, 709
Let y = 5236 - 4458. List the prime factors of y.
2, 389
Suppose -3*g - v + 6 = 0, -2*v - 2 = -5*g - v. Let w be 9/(-63) - (30/(-14) - g). Suppose 2*o - 104 = w*k, -3*o + 3*k + 49 = -104. List the prime factors of o.
7
Let k = -938 + 1874. Suppose 37*r - k = 11*r. What are the prime factors of r?
2, 3
Suppose -26*b - 8*b - 12156 = -37*b. What are the prime factors of b?
2, 1013
Let x be (-2)/(-14)*-2 - (-390)/91. Suppose 547 + 453 = x*z. What are the prime factors of z?
2, 5
Let z = 720 + 17238. List the prime factors of z.
2, 3, 41, 73
Suppose c = -2, 0 = 5*m - 57*c + 58*c - 204248. List the prime factors of m.
2, 5, 19, 43
Suppose -532*k = -535*k + 19158 - 3708. What are the prime factors of k?
2, 5, 103
Let s(y) = 55*y - 1. Let k be s(5). Suppose -v - 4*v + 15 = 0. Suppose -k = -5*g + v*h, h = -4*g - 3*h + 232. List the prime factors of g.
2, 7
Let w(j) be the second derivative of 0 + 41/3*j**3 + j**2 - 6*j. List the prime factors of w(2).
2, 83
Let g = -1699 - -2617. List the prime factors of ((-3)/(-2))/(27/g).
3, 17
Let b(k) be the third derivative of -k**6/120 - 2*k**5/15 - 17*k**4/24 - k**3/2 - 12*k**2. Let x be b(-5). What are the prime factors of -2 + x - (11 - 258)?
2, 3, 7
Suppose -6*j = -58 - 86. Suppose -j*r - 516 = -30*r. Let y = 105 - r. List the prime factors of y.
19
Suppose -50*s - 1004 = -54*s. Suppose -1 - s = -14*u. What are the prime factors of u?
2, 3
Let y(l) = l**3 + 6*l**2 + 14*l + 14. Let j(m) = -3*m**2 - 14*m - 2. Let k be j(-4). Let x be y(k). Let w = -331 + x. List the prime factors of w.
199
Let o(m) = 2231*m - 129. What are the prime factors of o(4)?
5, 1759
Suppose 20*r + 324 = 61994 + 154590. List the prime factors of r.
11, 983
Let g(y) = -26*y - 13. Let d(o) = 51*o + 28. Let j(b) = 6*d(b) + 11*g(b). What are the prime factors of j(11)?
5, 7
Let p = -408 + 440. Let w = p - -53. List the prime factors of w.
5, 17
Suppose 895 = w - 192. Let n = -621 + w. List the prime factors of n.
2, 233
Suppose -s + 5*s = -4*k + 352, -k = 4*s - 85. Let a = -46 + k. Suppose 0 = -o + 2*o - a. What are the prime factors of o?
43
Let s = -217 + 221. Suppose -198 = -a - 4*f, 5*a = -s*f + 430 + 592. List the prime factors of a.
2, 103
Suppose 5797 = -8*v + 7133. List the prime factors of v.
167
Let j(h) = 2*h**2 + 21*h - 5. Let k be j(-11). Suppose -9*d + 1980 = k*d. What are the prime factors of d?
2, 3, 11
Let o be (-1)/2*-14 + -2. Suppose 3*v = o*v + 132. What are the prime factors of (0 + 66/(-9))/(4/v)?
11
Let w(d) = 5*d**2 - 82*d + 1965. What are the prime factors of w(23)?
2, 3, 227
Let g(h) = 42*h - 51. Let c be g(4). Let k be (-31)/((-13)/c*6/20). Suppose k = 4*i + 2*i. What are the prime factors of i?
5, 31
Suppose -2*y + 9*y + 658 = 0. Let s = y - -411. List the prime factors of s.
317
Suppose -10*w - w + 94402 = -33935. List the prime factors of w.
3, 3889
Suppose 7*a = -4*v + 4*a + 44175, -v + 3*a + 11055 = 0. Suppose -k = 6*k - v. What are the prime factors of k?
2, 3, 263
Suppose 15 = 5*g - 5, 4*y - 2*g = -16. Let h be ((-1)/(3/(-57)))/(y/(-12)). Let u = h - -43. What are the prime factors of u?
157
Suppose -206*z - 44058 = -227*z. List the prime factors of z.
2, 1049
Suppose 1242 = 76*b - 70*b. Suppose 0 = 6*n - b - 147. List the prime factors of n.
59
Let a = -9911 - -17178. What are the prime factors of a?
13, 43
Let b = 39 + -44. Let h = b + 5. Suppose -4*k + a + 326 = h, 8*k - 3*a = 4*k + 330. What are the prime factors of k?
3
Suppose -4*w + 53*j + 81006 = 55*j, 5*w - 101289 = 2*j. List the prime factors of w.
5, 4051
Let b be (-1 + 2/8)/(9/144). What are the prime factors of -135*45/b + 6/(-24)?
2, 11, 23
Let b be ((-26)/65)/(1/(-3*730)). Let p =